be o(9). Let k(i) = -i**3 - 5*i**2 - 2*i + 5. Is k(j) a composite number?
False
Let t = -11 + 18. Suppose 3*f - 3*w = 0, -2*f + w = -t*f. Suppose 4*s + 4*b = 495 + 257, f = -3*s - 2*b + 563. Is s a composite number?
True
Let y(v) = -7*v**3 - v + 15. Is y(-4) prime?
True
Suppose 551 = -4*g - 5*x, -x + 515 + 18 = -4*g. Let q = -49 - g. Is q a prime number?
False
Is -2 - 0 - (-15)/1 a prime number?
True
Let j = -1348 - -946. Let p = -287 - j. Is p composite?
True
Suppose -3*k + 5*v + 1686 = 0, -k + 3*k - 1123 = 3*v. Is k a composite number?
False
Suppose 2*x - 2129 = -263. Is x a prime number?
False
Let k(a) = -67*a**3 - 4*a**2 + 1. Let f be k(-3). Suppose 0 = -3*j + 2*j + 5*x + 887, -2*j + f = -x. Is j a composite number?
False
Let w(i) = -i + 5. Let s be w(3). Let y(o) = 10*o**3 - 2*o + 3. Is y(s) a composite number?
False
Suppose -56 = t + 17. Let k = t + 132. Is k prime?
True
Suppose 585 + 825 = 5*g. Suppose -l + g = -89. Is l a prime number?
False
Let v(r) = r**2 - 8*r + 10. Let i(c) = -6*c**2 + 40*c - 51. Let t(j) = -2*i(j) - 11*v(j). Is t(-11) a prime number?
False
Let d be ((-2)/4)/(3/(-12)). Suppose 3*f = -5*v - 9, -5*v = d*f - 2*v + 5. Suppose 55 - 20 = q - 5*r, 2*r + 54 = f*q. Is q prime?
False
Let b be 1/1*(-1 - -2). Let a be 2 - (4 - b) - -5. Suppose 8*x - d = a*x + 41, 4*x - 44 = 4*d. Is x a composite number?
True
Suppose 0 = 5*a - 3*f - 28, 2*a + 3*a - f = 26. Let g = 4 - 3. Suppose a*q - 3*s = 82, -s - g - 17 = -q. Is q composite?
True
Suppose -21*i + 3522 = -19*i. Is i a composite number?
True
Let j(y) = 35*y**3 - y**2 + 2*y - 1. Let l be j(1). Let p = l - 21. Is p prime?
False
Suppose -5*k = -0*k. Suppose k = -0*h - 3*h + 231. Is h a prime number?
False
Suppose 507 + 118 = 5*y. Let i = y - 48. Is i a prime number?
False
Let q(c) be the second derivative of c**5/10 - 5*c**4/12 + c**3 - 3*c**2 - c. Let y be 2*3/((-6)/(-5)). Is q(y) prime?
True
Let t(n) = 5*n + 0*n + 3*n + 2*n**2 + 5. Suppose -5*i - 3*w - 24 - 20 = 0, -4*i - 34 = 2*w. Is t(i) a prime number?
True
Let q(g) = -g**3 + 6*g**2 + 11*g - 7. Let d(b) = -b**2 - 15*b - 16. Let a be d(-11). Suppose 5*p - p - a = 0. Is q(p) a composite number?
True
Suppose 2*t = 3*t - 205. Is t prime?
False
Let x(c) = -c**3 - 6*c**2 + 14*c + 10. Is x(-9) composite?
False
Let t(g) = g**3 - g**2 - g + 2819. Is t(0) a prime number?
True
Let i = 11 + -8. Suppose -145 = -i*r + 758. Is r a composite number?
True
Suppose -20 = -5*g - 10. Let p(q) = 6*q - 1. Is p(g) a prime number?
True
Suppose 13765 = 8*z + 509. Is z prime?
True
Let w be 14/(-5) - (-4)/(-20). Let r be ((-1)/w)/((-1)/(-15)). Suppose r*m + 2*y = 555, 5*m - 2*y - 555 = 3*y. Is m a prime number?
False
Suppose 16*j + 2438 = 31254. Is j a composite number?
False
Suppose -411 = -4*x + 289. Suppose -90 = -5*f + x. Is f a composite number?
False
Suppose -2*m = 3*m. Suppose m = c + 39 - 226. Is c a prime number?
False
Let q(n) = -249*n + 2. Let l be -3*((-10)/6 - -2). Is q(l) composite?
False
Let l(m) = 86*m + 22. Let o be l(9). Is o/10*(-10)/(-4) a composite number?
False
Let k(s) be the second derivative of -2*s**2 + 0 + 1/12*s**4 + s - 3/20*s**5 - 1/6*s**3. Is k(-3) prime?
True
Suppose -4 = 3*z + 5*a, -6*z + z = -2*a - 45. Let p be -56*(0 + z/(-2)). Let d = 419 - p. Is d a composite number?
False
Let w(r) = r**2 + 6*r + 3. Let z be w(-3). Is z + 98 - 1*3 prime?
True
Let z = 195 + -130. Is z a composite number?
True
Let m = -2 - -4. Let h be 4/2 - -3 - m. Is (-99)/(-15) - h/5 a composite number?
True
Let t(h) = 3*h + 8. Let x be t(7). Let b = x - 19. Is b composite?
True
Suppose 10 = -b + 5*j, -4*b + 3*j - j - 4 = 0. Suppose h + b*h - 57 = 0. Suppose h = 2*m + 5*o - 27, 175 = 5*m - 5*o. Is m a prime number?
True
Let b(s) = 2*s**3 - 2*s**2 - 2*s - 5. Is b(3) a composite number?
True
Let n = -4 - -7. Suppose -w - n*w = 0. Suppose 2*x - 370 = -w*x. Is x a prime number?
False
Is -43*(0 - 3/((-6)/(-10))) a composite number?
True
Let w be -6*((-3)/(-6) + -1). Let h be (w/(-9))/(2/(-12)). Suppose -3*z + 7 = -h*z. Is z a composite number?
False
Suppose 2*m - 3*n = -n + 748, 1134 = 3*m + 3*n. Suppose 0*c - 2*b = c - 361, 0 = -c + b + m. Is c composite?
True
Suppose 5*z = 5*k - 1965, 4*z + 156 = -3*k + 1342. Suppose 4 = -2*g, -3*m - 2*g + 2625 = k. Is m composite?
True
Let q be (0 + 1)/(-1)*1. Is q*(-2 + 3) - -16 composite?
True
Let z = 711 + 1450. Is z a prime number?
True
Let d(g) = 14*g**2 - 2. Let a be d(2). Let i(n) = -3*n - 17. Let c be i(6). Let h = c + a. Is h a prime number?
True
Let j = 28 - 21. Is 4990/35 + 3/j a prime number?
False
Suppose -2*q + 0 = -5*c + 1, 2*q - 4*c - 4 = 0. Suppose -q = -4*k - 4. Suppose -k*t - a + 43 = 6, 0 = -2*t - 4*a + 22. Is t prime?
False
Let u = 72 - 26. Suppose 0*l + 2*l = m + 196, 5*m = -4*l + 406. Let k = l - u. Is k a prime number?
True
Let f be (-8088)/(-32) + (-1)/(-4). Let p = f - 167. Is p prime?
False
Is (964/6)/1 + (-13)/(-39) composite?
True
Is -53*((-1 - 2) + 2) a prime number?
True
Suppose -4 = -2*v - 0*v. Suppose 2*x - 522 = s, 769 = 3*x + 4*s - v*s. Is x composite?
True
Let r(d) = -d**3 + 7*d**2 + 8*d + 5. Let z = 12 - 4. Let h be r(z). Let q(l) = l**2 + 3*l - 3. Is q(h) a prime number?
True
Let s = 153 - 221. Let u = 115 + s. Is u composite?
False
Suppose l = -3*l - 8. Is 1/(l/(-100)) - -3 composite?
False
Let q(c) = c**3 + 3*c**2 + 5*c - 5. Is q(4) a prime number?
True
Let l = 425 - 174. Is l composite?
False
Let n(l) = 2*l**2 + 3*l - 12. Let g be n(-14). Suppose -2*t = -z - 12, 8 = -4*z - 0. Suppose t*h - g = -4*r, 2*r = -0*r - h + 172. Is r composite?
True
Suppose -5*f + 8 = 3*g - 6*g, 4*g = -5*f + 1. Let k(d) = 57*d + 1. Is k(f) a composite number?
True
Let a(m) = 5*m**2 - 2 - 2*m**2 + 3*m + 9*m**2. Is a(3) prime?
False
Suppose 2*i + 2 = 4. Let h be i/(2 + 186/(-94)). Suppose 22 = 3*t - h. Is t a prime number?
True
Suppose 4*o = -2*j + 598, 0*o + 443 = 3*o - 4*j. Is o a composite number?
False
Let k be 929/(-5) + (-4)/20. Let h = k - -271. Is h prime?
False
Let r be 0 - 2 - (-159 + -1). Suppose -2*f + 3*y + 105 = -58, 0 = 2*f - 4*y - r. Is f a prime number?
True
Let s(y) be the first derivative of -y**4/4 + 2*y**3 + 6*y - 2. Is s(5) a composite number?
False
Suppose 65 + 25 = -5*i. Let v = 28 + i. Is v a composite number?
True
Suppose -20 = -3*f - 14. Let a = 0 - -4. Suppose 0 = -2*z + f*v - a + 24, 4*v = -4*z + 80. Is z a composite number?
True
Let m(h) = h**3 - 5*h**2 - 3*h + 7. Let a be m(5). Let l(k) = k**3 + 8*k**2 - 5*k - 7. Is l(a) a composite number?
True
Let a be (960/(-9))/5*18. Let t = a + 937. Is t composite?
True
Suppose 0 = 4*a - a. Let x be 1/2 + (-39)/(-2). Suppose -24 = -2*d + 2*u + x, -4*u + 4 = a. Is d a prime number?
True
Let o(s) = 8*s**2 - 2*s + 1. Let p be -1 + 1*(1 + -2). Is o(p) a prime number?
True
Let t(r) = r - 161. Let x(v) = v - 161. Let f(z) = -7*t(z) + 6*x(z). Is f(0) a prime number?
False
Let m(s) = -10*s**3 + 4*s**2 + 5*s. Is m(-2) a prime number?
False
Let y = -685 - -1712. Is y composite?
True
Let g(a) = 2*a**3 - 2*a**2 + 15*a + 6. Let s be g(-10). Let y be (6/4)/((-12)/s). Suppose -y = -2*v + 181. Is v composite?
True
Suppose 4*x - 24 = -4*q + 5*x, 0 = -2*q - 5*x + 34. Let h(f) be the first derivative of -f**4/4 + 8*f**3/3 - 3*f**2/2 - 9*f + 2. Is h(q) a prime number?
True
Suppose 0*z + 5*j = z - 1723, -5*z = 2*j - 8561. Is 2/(3 + z/(-573)) prime?
True
Suppose 0*f - 2 = -f. Suppose -f*w - m = -199, w - 4*m + 5*m - 102 = 0. Is w composite?
False
Let f = 105 + -63. Let h = f + -19. Is h prime?
True
Suppose 5*f - 6593 + 2148 = 0. Is f composite?
True
Let q = 64 + -144. Let o be (-1)/(2/(-228)) - 1. Let a = q + o. Is a prime?
False
Suppose 0 = 3*y + 2*y - 15, 5*u + 3*y - 434 = 0. Is u prime?
False
Suppose 0 = -z + 125 + 136. Suppose -2*v - v = -z. Is v a composite number?
True
Is (-249)/(-6) - (-21)/14 a prime number?
True
Suppose -2*o + o + 6 = 0. Suppose -o + 0 = -b + d, 2*d + 17 = 3*b. Suppose 3*x = -3, 2*u + b*x - 261 = -0*u. Is u composite?
True
Let j(d) be the second derivative of 0 + 2*d**3 - 1/12*d**4 - 2*d**2 - 3*d. Is j(9) prime?
True
Let p = -2901 - -5848. Is p prime?
False
Let t be 4/((1 - 3)*-1). Suppose -t*c = -5*c + 231. Is c a prime number?
False
Suppose -b = 4*b + 5. Let i(q) = q**2 + 7*q - 5. Let j be i(-6). Let z = b - j. Is z composit